 Suppose -4*d + 7 = -5*d + 3*x, 3*d + 9 = 5*x. Is j(d) a composite number?
False
Let f be (-6402)/15*2/(2/(-5)). Suppose f = 5*v - 2061. Is v composite?
False
Let w be 50*(2/(-5))/(-1). Suppose 0 = -5*g + w, -d + g + g = -1247. Is d prime?
False
Let j(a) = 3*a**3 - a**2 + 3*a - 8. Let z be j(2). Suppose -2*u + 3*r + 373 = 23, -2*r - 4 = 0. Suppose -2*i = -z - u. Is i prime?
False
Suppose 7*r - 9*r - 54 = 0. Let c = r + 27. Suppose -o - p - 94 = -6*o, -p + 1 = c. Is o a composite number?
False
Suppose 541 = 4*i - 799. Is i prime?
False
Suppose 0 = -4*z + 663 + 605. Is z a prime number?
True
Suppose 0 = 5*k + 2*j - 15, -5*j - 20 - 20 = -3*k. Is 3994/k - 4/(-20) a prime number?
False
Suppose 4*l = -4, 2*l = -12*x + 17*x - 27487. Is x composite?
True
Let q be -5 + (-70)/(-5) + -5. Suppose q*g + n - 8616 = 0, -4*g = -7*g + 2*n + 6451. Is g a prime number?
True
Let w = 68 - 66. Let y(k) = 146*k**2 - k + 5. Is y(w) composite?
False
Suppose -n + 411 + 6381 = 5*y, -y = 4*n - 27263. Is n composite?
True
Let z(w) = -4*w**2 + 6*w + 4. Let f be z(-5). Let a = -68 - f. Is a a composite number?
True
Let p(o) = -o**3 - 24*o**2 - 24*o + 4. Is p(-25) composite?
False
Suppose -29 + 26 = -b. Suppose c - b*r = 4*c - 996, 3*r - 3 = 0. Is c composite?
False
Suppose -6*x = 5375 - 315677. Is x a prime number?
False
Suppose 13*t + 1428 = 17197. Is t a prime number?
True
Is (26687/13 - -6) + (-4)/(-26) prime?
False
Let m(x) = 2*x**3 + 3*x**2 - 2*x + 1. Is m(10) a composite number?
False
Suppose -39*q + 43*q - 4748 = 0. Is q a prime number?
True
Suppose -i = c - 4, -3*c + 4*i - 16 = -2*c. Suppose c = p - 298 - 151. Is p a composite number?
False
Let h(o) = -o**3 + 30*o**2 + 42*o - 62. Is h(17) a prime number?
True
Let o(x) = -21*x + 18. Let b(n) = -2*n**2 - 19*n - 20. Let v be b(-9). Is o(v) a composite number?
True
Suppose l - 7448 = -2*x, -4*l + 7*l = 4*x + 22294. Is l composite?
True
Is (-2)/(-2237*2/894 + 5) a prime number?
False
Suppose c + 1170 = 4*o, 4*o + c - 805 = 369. Is o a composite number?
False
Let b(n) = 35*n**2 + 2*n - 12. Let c be b(9). Suppose -5*m - 420 = 3*i + c, -5*m - 3279 = -3*i. Is 1/((4 + -7)/m) a composite number?
True
Let g(o) = 430*o**3 + 4*o + 4. Let k be g(-2). Let b = 6059 + k. Is b a prime number?
False
Let v be (3 - 1) + (-26)/(-13). Let t be -1 + v - 1 - -7. Suppose 0 = -2*w + 3 + t. Is w a prime number?
False
Let v = -31 - -26. Let l(r) = r**3 + 6*r**2 + 4*r - 3. Let y be l(v). Suppose 3*z - 197 = y*z - 3*j, 0 = 4*z - 3*j - 758. Is z prime?
True
Is 1801480/70 - (-12)/(-28) a composite number?
True
Let z(f) be the second derivative of f**4/2 + 23*f**3/6 + 2*f**2 + 15*f. Let g(q) be the first derivative of z(q). Is g(15) a prime number?
False
Suppose -3*t - 4*l + 1334 = 0, t - 2*l = -2*t + 1358. Suppose -5*o = -5*g - t, -o + 57 + 48 = -4*g. Is o composite?
True
Suppose -2 - 2 = -2*g. Suppose g*q + 3 = 3*q. Is q/(-2)*318/(-9) prime?
True
Suppose 0 = -5*v + 2 + 48. Is (v/(-3))/((-16)/1416) a prime number?
False
Let h be 1 + (-6 + 1)/(-1). Suppose 0 = 4*b - 14 + h. Suppose 27 = b*m + 7. Is m a composite number?
True
Let s(z) = -4*z**2 + 614*z + 5*z**2 - 618*z + 0*z**2 - 1. Is s(20) a prime number?
False
Suppose -124*n + 27811 = -120*n + a, 3*n - a = 20860. Is n prime?
False
Suppose -1480 + 9180 = 5*w. Suppose 5*u + d + 1560 = -4*d, 5*d = 5*u + w. Let l = 777 + u. Is l a composite number?
False
Let a(c) = 2141*c**2 + 2*c + 49. Is a(6) composite?
False
Let p(v) = 7*v**2 + 14*v - 24. Is p(5) a composite number?
True
Let l = 28 - 28. Suppose l = -4*b + 425 + 1203. Is b a composite number?
True
Suppose -w = o - 2*o - 2237, 0 = 3*w - 2*o - 6706. Let d = w + -695. Is d prime?
False
Suppose 224 = -0*b + 4*b + 4*x, b - 5*x = 50. Suppose 224*o - 188 = 226*o. Let z = b - o. Is z a composite number?
False
Suppose -4682 = -3*p - 5*r, -4*p + r + 6241 = 6*r. Suppose -2078 - p = -o. Is o a prime number?
True
Is 2/(-2) + (-24840)/(-10) composite?
True
Suppose -9 = -3*s + 3. Suppose 9*u = s*u + 4555. Is u a composite number?
False
Let m be 1/(-3) - (-35)/15. Suppose -2*t = m*t - 328. Let x = 119 - t. Is x prime?
True
Let d(f) = 208*f + 29. Is d(8) a prime number?
True
Suppose -2*a + 0*a + 32516 = 0. Suppose 73153 - a = 15*c. Is c composite?
False
Let p = -18 - -13. Let n be -5 - (4 - -11)/p. Is n + 124 - 5/(-5) composite?
True
Let w be -6*(3 - (-20)/(-8)). Let t be (-19 + 22)*(-4)/w. Suppose t*a - 2*h - 3898 = 0, 2*a + 0*h - 1952 = 2*h. Is a prime?
False
Suppose -6*h + 20*h - 135254 = 0. Is h prime?
True
Suppose 3*m + 2*m - j - 5429 = 0, m + 2*j = 1077. Let s = -76 + m. Is s prime?
True
Suppose -3*q - 3*i + 2070 = 0, 3*i + 2020 = 5*q - 1438. Is q a composite number?
False
Suppose 46635 = 5*p + 12800. Suppose 1323 = -4*o + p. Is o a composite number?
False
Let n(q) = 3*q**3 - 5*q**2 - 22*q + 1. Let p(i) = -i**2 - i + 51. Let f be p(-7). Is n(f) prime?
False
Suppose s - 4*s + 18423 = 3*z, -z + 6149 = 5*s. Is z a composite number?
True
Let s = -6963 - -10750. Is s prime?
False
Let k = 69 - 67. Suppose 5*a + i = -0*a + 1263, -2*i - 510 = -k*a. Is a a prime number?
False
Let u(d) = 73*d + 33. Let c be u(10). Suppose 4*y + w = 2*w + c, 4*y = -4*w + 768. Is y a composite number?
False
Let m(c) be the second derivative of c**6/144 + c**5/20 - c**4/4 - 5*c. Let s(r) be the third derivative of m(r). Is s(5) a prime number?
True
Suppose 4*i = 8, 4*j = 6*j + 2*i - 28. Let d be (j/16)/1*-200. Let x = d - -277. Is x a composite number?
False
Suppose -10*m + 384 = -6*m - 5*z, 0 = 5*z. Let d be (-4)/(-10) - 37/5. Let c = m + d. Is c prime?
True
Let o(p) = -4*p - 7. Let n be o(-3). Suppose -n*f - 336 = -2*f. Let h = f + 303. Is h composite?
False
Suppose 16*g - 11*g - 150665 = 4*s, 0 = 5*g - 3*s - 150665. Is g a prime number?
True
Let m(t) = t**2 + 13*t + 16. Let l be m(-12). Suppose l = -o, 6*v = 3*v - 5*o - 20. Suppose 0*i + 3*i - 159 = v. Is i prime?
True
Let k(j) = -7 + 2*j - 3*j - 13 + 9*j + 7*j**2. Let w be 0 + (-1 - 1) - -9. Is k(w) composite?
False
Suppose 0 = b + y - 21839, 4*b - 2*y + 1726 - 89082 = 0. Is b a prime number?
True
Let h(k) = -51*k + 954*k**2 + 99*k - 47*k - 2. Let o(c) = -c + 17. Let s be o(16). Is h(s) prime?
True
Let l be (-4 - 54/(-15))*-5. Suppose -4 = -l*j - 2. Is (-2)/((-2 - j)/807) a prime number?
False
Suppose 3*i = j + 17621, 0 = 2*j - 3 + 7. Is i prime?
False
Let f(m) be the first derivative of m**3 - m + 7. Is f(-8) a prime number?
True
Let r(f) be the third derivative of 0 + 5/3*f**3 - 1/4*f**4 + 0*f + 3*f**2. Is r(-12) a composite number?
True
Let f(x) = x**3 - 12*x**2 + 21*x - 5. Is f(33) prime?
True
Suppose -x + 15*x = 70. Suppose -2732 = x*r - 7*r. Is r a prime number?
False
Let l = 361 + -215. Is l a prime number?
False
Suppose -5*x + 32108 = 3*n, 5*x - 32109 = -4*n - 0*n. Is x a composite number?
False
Let m(l) = 4*l + 1. Let n be m(1). Suppose n*h + 7 = -23. Is (46/(-3))/(h/27) composite?
True
Let n be ((-1 + 2)*-4)/1. Let c = n + 12. Is c + -2 + 0/(-1) composite?
True
Suppose -2*l = -2*j - 3*j - 26, l - 3*j - 15 = 0. Suppose l*k = 5*k - 3*p - 1219, -5*p - 2441 = -4*k. Is k prime?
False
Let n = 3344 + -2245. Is n a composite number?
True
Let w be ((-12)/(-3))/16*0. Suppose w = 22*s - 21*s - 67. Is s a prime number?
True
Suppose -k + t + 2107 = -3*t, t = 4*k - 8383. Is k composite?
True
Suppose 24*l - 95484 = 196956. Is l composite?
True
Suppose -4*v = -19 - 1. Suppose -c = -1, 5*u + v*c - 629 = 1281. Is u prime?
False
Let b(t) = -9*t + 4. Let m be b(-4). Let y = -61 + m. Is (-6)/y + 708/21 a prime number?
False
Let k(q) = -q**2 + 127. Let j(m) = m**2 - 17*m. Let g be j(17). Suppose g = 2*r - 0*r. Is k(r) composite?
False
Is 3/((-12)/(-8180))*1 composite?
True
Let u(a) = 4*a**3 - 42*a**2 + 1. Let o(s) = s**3 - 14*s**2. Let l(h) = 7*o(h) - 2*u(h). Is l(-15) a composite number?
False
Let s = 9 - -3. Suppose -3*j = -p - s, -3*p + 5*j - 28 = -4*p. Suppose -p*z + 493 + 278 = 0. Is z prime?
True
Suppose -3*d = 2*c, d - 4*d + 3*c = 0. Let b be (1 - -282)*(1 - d). Let s = 424 - b. Is s composite?
True
Is (-63)/(-21)*((-45226)/6)/(-1) composite?
False
Let y(r) = -r**2 + 7*r + 11. Let n be y(8). Suppose -n*v + 4*g = -145, -2*g + 140 = 3*v - g. Let l = v - 8. Is l a prime number?
False
Let y(g) = -g**2 - 7*g - 10. Let z be y(-7). Let p be (